-29))?
-4
Calculate 11 + -8 + -15 - 4.
-16
36 - (3 + 72 + -26)
-13
-48 + 25 + 10 + 39
26
Calculate -67 + 41 - (-30 - -4).
0
What is (-3 - (-10 + -4)) + (-14 - -3)?
0
-1 + (-2 + -5 - -22) - 7
7
What is the value of (11 - 3 - 0) + 0 - -1?
9
52 - 59 - (-3 + -11)
7
-28 + -59 + 100 + (-34 - 1)
-22
-20 - (0 + -13 - -27 - 0)
-34
Evaluate 4 + -10 + 16 + 2.
12
Evaluate -9 - (12 - (-3 + 6 + -6) - 7).
-17
Calculate -45 - (10 + -16 + -39).
0
Calculate 16 - ((25 - -14) + -18).
-5
-12 - -17 - (-9 - -12)
2
What is -1 + -9 - (2 - -1 - (-1 - -4))?
-10
Evaluate -23 - (-10 - -23 - (16 + -11)).
-31
What is -1 + (-12 + 2 - -24)?
13
What is the value of 17 - (-3 + -29 + 39)?
10
Calculate -6 + (12 - (56 + -21)) + 15.
-14
Evaluate -1 + 2 + -5 + 5 + 9 + 2.
12
What is -6 - (5 + -9 + (-8 - (3 - 13)))?
-4
-10 + (1 - (-19 - -7) - 10)
-7
What is (10 + 5 - 28) + 1?
-12
What is the value of (46 - 48) + (5 - 0 - -5)?
8
What is the value of (24 + -7 - 6) + 4 + -4?
11
-12 + (-1 - (3 - 5)) - 11
-22
What is the value of (2 - 12) + -24 - (-11 + 2 + 0)?
-25
30 - (-17 - -30 - -5)
12
What is the value of -12 + (47 - 12) + -14?
9
What is 2 - (0 + -4 + (7 - 3 - 10))?
12
Evaluate (13 - 18 - 46) + 26.
-25
What is 13 + -25 + -2 - -11?
-3
What is the value of 0 - ((-18 - -33) + (-2 - (3 - 15)))?
-25
What is the value of -3 + 17 - (15 - (11 + 2))?
12
Calculate -8 + -3 + -3 - -7.
-7
What is the value of -7 + -4 - ((-10 - -12) + -4)?
-9
-19 + (-2 - 0) + (-105 - -90) + 10
-26
7 + 3 + -12 + 5 + 5
8
Calculate 6 + (1 - 0) + -4 - (-93 - -99).
-3
What is 1 - (-9 - -17 - 3) - 11?
-15
What is (5 - (0 - -3 - 5)) + (-20 - -14)?
1
Calculate -6 - -13 - (-4 + 3).
8
What is -14 - (-6 - (0 - 12))?
-20
What is the value of -3 + (-9 - (-6 + (-3 - -16)))?
-19
-8 + (34 - 30) + (1 - 4)
-7
Calculate 8 + -15 + 9 + -9.
-7
What is the value of (31 - (-7 - -6)) + -8 + 0?
24
3 + -12 - ((1 - -17) + -16 + -15)
4
-17 - (-11 + -38 + 19)
13
What is (6 - (5 - (15 - -2))) + -14?
4
3 + (-4 + -2 - 1 - -4)
0
Calculate -2 - ((6 - (12 + -7)) + -9).
6
-2 + (14 - -2) - (-4 + 3)
15
Evaluate -1 - 28 - (-621 - -617).
-25
What is -17 + 33 + 9 - 52?
-27
What is the value of (5 - 6 - -17) + -13?
3
Evaluate 10 + -1 + 2 + 430 + -443 - -5.
3
Calculate (9 - (2 - 2)) + (-191 - -179) + 3.
0
What is -5 + -15 + 16 + 1 + 0 + 26?
23
Calculate 8 + (-2 - 5) + -7 + 9.
3
What is (-18 - (-25 - -6) - (0 - -9)) + -2?
-10
(25 - 8) + -36 - (-1 + -19)
1
Calculate (-1 - -2 - -4) + (18 - 25) + 2.
0
Evaluate -16 + 31 + (-3 - 5) - -14.
21
(-2 + 4 - (13 + 9)) + (101 - 96)
-15
What is the value of 6 + 2 - ((24 - 19) + 18)?
-15
Calculate -2 - (17 + -3 + 21 + -19).
-18
(5 - 5) + (1 - 5) + (4 - -1)
1
Evaluate (1 + 0 + 5 + -11 - 3) + -11.
-19
Calculate -12 + -3 + 2 + 8 + -17.
-22
Calculate -4 + (0 + (-17 - -2 - -4) - -8).
-7
(6 - -3 - 1) + (-87 - -92)
13
What is -12 - (-44 + 51 + 1 + -6)?
-14
Calculate 0 + 8 - (21 + (8 - 33)).
12
Calculate 48 - 22 - (1 - -14).
11
What is (-9 - (9 + -19 + 1)) + (7 - 1)?
6
-3 + (0 + -1 + -14 - (17 + -22))
-13
Calculate -21 - (-13 + -13 + 10).
-5
19 - (24 + (10 - 5))
-10
Evaluate 8 - (19 + -5 + 0 + 2).
-8
Evaluate -77 + 74 + 10 + 4 + 14.
25
Evaluate -1 + (2 - -1) + -11 - (-63 - -59).
-5
What is (-11 - -7 - -9) + (8 - 5) - -3?
11
Evaluate (9 - 4 - 38) + 56.
23
What is -7 - 1 - (66 - 69)?
-5
What is -15 + (1 - 0) + (71 - 65)?
-8
What is the value of (229 - 214) + (-2 - (-2 + -6))?
21
Calculate (-12 - (-9 + -31)) + -4.
24
Calculate 12 + (-29 + 16 - 7) + -4.
-12
What is the value of -8 - (-7 - (-4 + 8) - (-15 - -8))?
-4
What is the value of 21 + (-10 - (10 + -11))?
12
What is (-49 - -51) + 13 + -3?
12
What is the value of (0 + 4 + -5 - -6) + (17 - 9)?
13
What is (-16 - -1) + (13 - (7 - 3))?
-6
Evaluate 5 - (-1 - -2) - (-15 - (-17 + 6)).
8
Evaluate -4 + 102 - 109 - (-41 - 0 - 1).
31
Calculate 44 + -49 + -11 + 28.
12
Evaluate -2 + -9 + (3 - (-6 + (-1 - -6))).
-7
Calculate (-1 - 13) + 12 + -6 + -5 + 0.
-13
Evaluate 1 + 1 - (-5 + 13 + -12) - -5.
11
14 + -3 + -62 + 43
-8
What is the value of (7 - 18) + 15 + (-7 - -4) + -3?
-2
What is the value of 0 - -10 - (73 - 74)?
11
What is the value of (16 - (46 + -26)) + 13?
9
What is 0 - -16 - ((-8 - -80) + -22)?
-34
Evaluate (2 - -7) + -4 - (37 + -27).
-5
What is 45 + -1 + -35 + 13?
22
What is 12 - (-9 + 4 + 6 + -6 - 0)?
17
What is -5 + 2 + (1 + -5 - -6) + 15?
14
Evaluate (3 - (-34 + -2)) + (3 - 11) + 1.
32
What is the value of 30 - (-1 + -1) - (-37 + 48)?
21
Calculate 6 + 2 + -7 + -3 + 15 + -6.
7
What is the value of 126 - 128 - (14 - 3)?
-13
16 + (28 + -37 - 23)
-16
What is -1 + 17 - (376 + -367)?
7
What is the value of 1 + -2 - (6 + (-5 + 10 - 5))?
-7
What is 8 - (-4 + 10 - 5) - (0 + 6)?
1
28 + 60 + -74 + (2 - (-4 + 0))
20
Evaluate (1 - (7 - (7 + 5))) + (2 - 8).
0
Calculate 48 + -35 + -19 - (-2 - -1).
-5
(-10 - -22) + -10 + 1 - (0 + -4)
7
Evaluate 9 + -1 - (122 - 139).
25
23 + -1 + (39 - 64)
-3
What is the value of -32 + -26 + 1 + 32?
-25
What is (-8 - -1) + (-10 - (8 + 4 + -17))?
-12
Calculate 18 + (0 - 4) - 27.
-13
Evaluate 1 + (-32 - -6 - -5) + 13.
-7
Evaluate -9 + -1 - (4 + -30 + 4).
12
4 - (-3 + (8 - 5)) - 12 - -14
6
What is the value of -859 + 866 + (0 - -3)?
10
What is the value of -21 - (1 + (-2 - -1))?
-21
0 - 5 - (-33 - -13)
15
What is -23 + 2 + (-21 - -13 - (-10 - -7))?
-26
What is the value of (-34 + 19 - 16) + -2?
-33
Calculate (-6 + -3 + 2 - -17) + 10 + -2.
18
What is the value of -23 + 6 + 22 - 12?
-7
Calculate (7 - (-5 - 0)) + -5 + 1 - 6.
2
What is the value of -3 + (-11 + -2 - 0) - (-2 + -1)?
-13
(-698 - -678) + 1 + 15
-4
What is the value of 8 - 12 - 6 - (-5 - (-1 - 0))?
-6
Evaluate 7 - (-11 + (13 - -4) - 7).
8
Calculate 2 + 9 + -2 + (-25 - -11 - -7).
2
What is the value of -14 - -6 - -30 - 40?
-18
(14 - (-6 - -1)) + -11
8
(0 + 1 - (0 + 8)) + (-5 - 3)
-15
Evaluate (-7 - (-9 + -6 - -7)) + 6.
7
What is (-7 - -10) + -9 + -1 + 11?
4
What is (-1 - 3) + (12 + -6 - 10) + 9?
1
What is the value of -15 + 10 - -19 - 23?
-9
(-5 - 19) + 7 + -3 + (-10 - -10)
-20
Evaluate -5 + 18 + -3 + -7 + -1.
2
What is (11 - 0) + (336 - 342)?
5
What is the value of -7 - (-8 + (-4 + 1 - -19))?
-15
Calculate 10 + -6 - -7 - (25 + -2).
-12
What is (12 - (12 - -6)) + (5 - -2) - -3?
4
What is the value of -8 - 2 - (16 + 4 - 14)?
-16
Evaluate (-3 + 2 - (1 - 10)) + 160 + -160.
8
Calculate -20 + (-4 - -9) + 3 - -20.
8
What is the value of 0 - -2 - (-183 + 197)?
-12
Calculate (4 + 1 - (-5 - -23)) + 11 + -5.
-7
Evaluate 5 - (-16 + -1) - 38.
-16
What is the value of (-143 - -132) + 14 + 1?
4
(-8 + -1 - (126 - 118)) + -8
-25
Evaluate 3 - (9 + -14) - (-6 + 3).
11
What is the value of -7 - ((-11 - 10) + 13)?
1
-1 - 2 - ((-8 - -17) + 1)
-13
Evaluate -14 - ((-1 - -1) + -15).
1
2 + (-21 + -21 - -11)
-29
Calculate -26 + (-1 - -7) - -10.
-10
Evaluate -1 + 5 + 18 + (-16 - 5).
1
Evaluate 8 + (9 - 14 - -2) + -10.
-5
Evaluate (-29 - 0) + 321 + -284.
8
Calculate -1290 + 1262 + (0 - -27).
-1
What is the value of 7 - 4 - (13 - 10 - 13)?
13
What is the value of 0 - 36 - (1391 + -1422)?
-5
What is 2 + 0 + 11 - (1 + 16 + -19)?
15
Evaluate (38 - 29) + (-65 - -11) + 1 + 8.
-36
Evaluate 15 - ((-1 + 9 - 11) + 9).
9
What is the value of (2 - 2) + -9 - -2 - (0 + -5)?
-2
12 + -4 + -13 - 2 - -5
-2
What is the value of -5 + 44 - 22 - 17?
0
Evaluate 15 + (-25 + 18 - ((1 - 7) + 3)).
11
Calculate -29 + 12 + 41 + -14.
10
Evaluate 30 - (24 - (-17 + 0)).
-11
Evaluate -6 + 14 + (-6 - -5).
7
5 + -1 - (6 - (3 - 1))
0
What is the value of 4 + (-1 - -3 - 12)?
-6
Evaluate 17 + -22 + 6 - -6.
7
What is the value of -7 + 5 + 6 + -20?
-16
What is -11 + 8 + (-1 - -6) + (1 - 0)?
3
-51 + -5 + 54 - (-3 + 0 + 1)
0
Evaluate (-4 - 2) + 9 + -3 + -5 + -2.
-7
Calculate (5 - (-3 - -31)) + 40.
17
What is the value of 0 - -2 - (4 + 6) - (-24 - -21)?
-5
Evaluate (-7 + 12 - -5) + -5 - (14 - -4).
-13
What is the value of (-6 - 0) + (2 - (10 - (-6 - -8)))?
-12
10 - (5 + 7) - 0
-2
What is the value of 0 + -9 + 13 + -10?
-6
Evaluate -5 + (-3 - -29 - (5 - 2)) + -5.
13
What is the value of -12 - 1 - (3 + -6 + 1 + -4)?
-7
What is the value of -12 - 4 - (140 + -137 - (6 + -1))?
-14
What is 2 + (10 - 6 - (12 - 3))?
-3
What is 33 + (-4 - -9) - (-2 + 10)?
30
What is the value of -10 + -16 + 29 + (-1 - -9)?
11
Evaluate (42 - -26) + -77 - (-1 + (-1 - 26)).
19
What is the value of (1 - 8 